digit of 2541001?
5
What is the thousands digit of 1020777?
0
What is the ten thousands digit of 95449?
9
What is the thousands digit of 65625?
5
What is the tens digit of 123379?
7
What is the units digit of 105478?
8
What is the millions digit of 2361736?
2
What is the thousands digit of 3329327?
9
What is the units digit of 1255727?
7
What is the tens digit of 13896485?
8
What is the tens digit of 2210266?
6
What is the tens digit of 989886?
8
What is the hundred thousands digit of 594289?
5
What is the hundreds digit of 3366937?
9
What is the units digit of 1216971?
1
What is the thousands digit of 80578?
0
What is the hundred thousands digit of 824709?
8
What is the thousands digit of 1401733?
1
What is the ten thousands digit of 13458816?
5
What is the tens digit of 192219?
1
What is the thousands digit of 73889?
3
What is the hundreds digit of 265976?
9
What is the hundreds digit of 99014?
0
What is the ten thousands digit of 3997264?
9
What is the millions digit of 3989524?
3
What is the hundreds digit of 26640?
6
What is the hundreds digit of 803417?
4
What is the ten thousands digit of 197738?
9
What is the ten thousands digit of 374667?
7
What is the tens digit of 169066?
6
What is the hundred thousands digit of 621612?
6
What is the thousands digit of 1059607?
9
What is the millions digit of 2637784?
2
What is the tens digit of 119422?
2
What is the ten millions digit of 14809940?
1
What is the hundred thousands digit of 1058857?
0
What is the thousands digit of 2183252?
3
What is the tens digit of 1470293?
9
What is the thousands digit of 114437?
4
What is the tens digit of 2370916?
1
What is the thousands digit of 306746?
6
What is the millions digit of 18012380?
8
What is the millions digit of 1249388?
1
What is the hundreds digit of 16253411?
4
What is the millions digit of 1044569?
1
What is the tens digit of 8794565?
6
What is the hundred thousands digit of 4178470?
1
What is the hundreds digit of 6370135?
1
What is the thousands digit of 16739?
6
What is the hundreds digit of 1594408?
4
What is the millions digit of 5647635?
5
What is the hundred thousands digit of 258577?
2
What is the hundreds digit of 191576?
5
What is the hundreds digit of 5115989?
9
What is the ten thousands digit of 33601392?
0
What is the units digit of 840659?
9
What is the hundred thousands digit of 161106?
1
What is the units digit of 2564170?
0
What is the hundreds digit of 179653?
6
What is the tens digit of 477932?
3
What is the hundreds digit of 7807087?
0
What is the ten thousands digit of 75577?
7
What is the hundreds digit of 535020?
0
What is the units digit of 87709?
9
What is the hundred thousands digit of 7986226?
9
What is the ten thousands digit of 9932227?
3
What is the hundreds digit of 2412592?
5
What is the thousands digit of 11733866?
3
What is the units digit of 147862?
2
What is the tens digit of 34501490?
9
What is the thousands digit of 421528?
1
What is the hundred thousands digit of 255581?
2
What is the hundred thousands digit of 2547869?
5
What is the hundreds digit of 2343963?
9
What is the millions digit of 3962768?
3
What is the tens digit of 351223?
2
What is the ten thousands digit of 319744?
1
What is the units digit of 203462?
2
What is the units digit of 310248?
8
What is the hundreds digit of 412813?
8
What is the ten millions digit of 13205478?
1
What is the thousands digit of 42922?
2
What is the hundred thousands digit of 9121540?
1
What is the tens digit of 7625?
2
What is the hundreds digit of 4833608?
6
What is the tens digit of 6932306?
0
What is the hundred thousands digit of 1246485?
2
What is the thousands digit of 12917529?
7
What is the hundreds digit of 327501?
5
What is the tens digit of 7138504?
0
What is the hundreds digit of 2441962?
9
What is the hundred thousands digit of 1157118?
1
What is the hundred thousands digit of 3489798?
4
What is the units digit of 1192341?
1
What is the thousands digit of 1123685?
3
What is the units digit of 52389?
9
What is the units digit of 2523554?
4
What is the units digit of 723143?
3
What is the units digit of 186075?
5
What is the thousands digit of 36275?
6
What is the units digit of 236574?
4
What is the thousands digit of 65297?
5
What is the ten thousands digit of 6040576?
4
What is the tens digit of 330440?
4
What is the hundreds digit of 152065?
0
What is the thousands digit of 11106107?
6
What is the hundreds digit of 4524776?
7
What is the units digit of 313111?
1
What is the hundreds digit of 710892?
8
What is the millions digit of 1480125?
1
What is the thousands digit of 3264510?
4
What is the ten millions digit of 40140040?
4
What is the hundreds digit of 15263797?
7
What is the tens digit of 4966117?
1
What is the thousands digit of 516018?
6
What is the units digit of 55072?
2
What is the ten thousands digit of 1747838?
4
What is the units digit of 303503?
3
What is the units digit of 17827248?
8
What is the hundreds digit of 3222784?
7
What is the tens digit of 355707?
0
What is the tens digit of 2248911?
1
What is the thousands digit of 1616335?
6
What is the tens digit of 829294?
9
What is the hundred thousands digit of 2957067?
9
What is the hundreds digit of 25275?
2
What is the thousands digit of 720644?
0
What is the units digit of 1280829?
9
What is the hundreds digit of 426213?
2
What is the ten thousands digit of 7667183?
6
What is the units digit of 173856?
6
What is the tens digit of 289749?
4
What is the thousands digit of 94459?
4
What is the ten thousands digit of 597117?
9
What is the thousands digit of 336415?
6
What is the tens digit of 1296917?
1
What is the thousands digit of 539667?
9
What is the tens digit of 3043420?
2
What is the thousands digit of 516225?
6
What is the hundred thousands digit of 11420812?
4
What is the units digit of 415265?
5
What is the units digit of 1787922?
2
What is the tens digit of 249182?
8
What is the thousands digit of 191081?
1
What is the ten thousands digit of 3396145?
9
What is the millions digit of 1416843?
1
What is the ten thousands digit of 17894500?
9
What is the thousands digit of 3054294?
4
What is the hundred thousands digit of 1299837?
2
What is the ten thousands digit of 691634?
9
What is the units digit of 458144?
4
What is the ten thousands digit of 1488922?
8
What is the ten thousands digit of 3374006?
7
What is the units digit of 158434?
4
What is the units digit of 2065287?
7
What is the hundred thousands digit of 666805?
6
What is the hundred thousands digit of 497175?
4
What is the units digit of 2598662?
2
What is the hundred thousands digit of 4266111?
2
What is the units digit of 815139?
9
What is the units digit of 1220973?
3
What is the hundreds digit of 5392825?
8
What is the hundreds digit of 287079?
0
What is the millions digit of 9352159?
9
What is the units digit of 551081?
1
What is the ten thousands digit of 281321?
8
What is the hundred thousands digit of 2572630?
5
What is the thousands digit of 7339719?
9
What is the hundreds digit of 223070?
0
What is the ten millions digit of 25908386?
2
What is the thousands digit of 110183?
0
What is the units digit of 699804?
4
What is the thousands digit of 158239?
8
What is the thousands digit of 13114610?
4
What is the ten thousands digit of 1215413?
1
What is the units digit of 11128219?
9
What is the tens digit of 1348599?
9
What is the hundred thousands digit of 759701?
7
What is the ten thousands digit of 26645?
2
What is the ten millions digit of 40255376?
4
What is the millions digit of 7252366?
7
What is the ten thousands digit of 509381?
0
What is the ten thousands digit of 859483?
5
What is the tens digit of 90248?
4
What is the millions digit of 1349758?
1
What is the ten thousands digit of 239708?
3
What is the thousands digit of 2041?
2
What is the units digit of 658299?
9
What is the hundred thousands digit of 7052238?
0
What is the millions digit of 4682867?
4
What is the thousands digit of 557132?
7
What is the thousands digit of 252407?
2
What is the hundreds digit of 46407?
4
What is the units digit of 445?
5
What is the hundred thousands digit of 494772?
4
What is the thousands digit of 550752?
0
What is the thousands digit of 513559?
3
What is the hundreds digit of 113182?
1
What is the tens d